ivative of -o*z**4 - 1/20*z**5 + 1/2*z**2 + 0 - 9*z + 1/6*z**3. Determine r(-3).
7
Let j(x) = -x. Let u be (-10 + -2)*4/(8/(-5)). Suppose 4*k = s - 24, 5*k = 2*s - 3*s - u. Give j(k).
6
Let m(d) = 6*d - 1. Let q(v) = 13*v - 2. Let x(f) = 5*f**2 + 3*f - 4. Let w be x(1). Let j(t) = w*q(t) - 9*m(t). What is j(-6)?
13
Let f(o) be the third derivative of 1/30*o**5 + 0 - 1/12*o**4 - 1/2*o**3 + 1/60*o**6 + 0*o + 8*o**2. Determine f(-2).
-7
Let o(s) = -2*s**2 + 1. Suppose -5*n = 19 - 59. Suppose -1 = n*u - 7*u. Calculate o(u).
-1
Let s(f) = 2 + 8*f + 5 - 4*f - 1 + 2*f. Give s(-3).
-12
Suppose -z + 62 = -4*g, -g = z - 4*z + 10. Let k = g + 18. Let n(h) = -13*h**k + 12*h**2 - h + 0 + 1. Calculate n(-2).
-1
Let g(u) = -u**2 - 15*u + 12. Let i be g(-14). Suppose -79 - 25 = 4*v. Let j = i + v. Let o(w) = w**3 + w**2 - w + 5. What is o(j)?
5
Let w(u) = u**3 + 2*u + 4. Suppose -3*m - 21 = -5*v, 5 - 1 = -2*m. Determine w(v).
37
Let y(u) be the third derivative of -u**5/60 - u**4/6 + 5*u**3/6 - 71*u**2. Determine y(-4).
5
Let v(q) = -q**3 + 2*q**2 + 3*q + 3. Let x be v(3). Let p(i) be the first derivative of 2*i**2 - 1/3*i**3 - 2 + 4*i. Calculate p(x).
7
Suppose -7*z + 168 - 14 = 0. Let i(u) = 1 - 5*u**2 + 12*u**3 + z*u**2 + 0*u - 18*u**2 - u. Give i(1).
11
Suppose 5*y - y = 68. Let r = -14 + y. Let s be (-25)/10 + r/2. Let w(p) = 12*p + 1. Calculate w(s).
-11
Let z(k) = 6580*k - 3291*k - 3288*k - 8. What is z(-6)?
-14
Let m(n) = -5*n - n**3 + 7833*n**2 - 23 + 21*n - 7849*n**2. Determine m(-17).
-6
Let v = -31 - -31. Let y(t) = 12 - 2*t**3 + 3*t**3 + t**3 - t**3. Calculate y(v).
12
Let u(j) = 2*j**3 + 12*j**2 + 2*j + 23. Let p(z) = z**3 + 6*z**2 + z + 12. Let b(s) = -11*p(s) + 6*u(s). Give b(-6).
0
Suppose 28*o = 250 + 2. Let m(u) = u**3 - 10*u**2 + 7*u + 9. Determine m(o).
-9
Let w(x) = -4*x**2. Let l(t) = t**3 + 6*t**2 - 8*t - 45. Let s be l(-6). Let m be 2/3 + (-10)/(-3). Suppose s*z - 5 = -n + 3*n, 5*z + n = m. Calculate w(z).
-4
Let l(f) = f**2 + 4*f - 7. Let z be (12 - 11)*(2 + -1). Let p be 3 + 1*(-9)/z. Give l(p).
5
Let j(p) be the third derivative of -p**5/60 + p**4/12 + p**3/3 - p**2. Let a be -125 + 130 + 1/(-1). Give j(a).
-6
Let u(r) = r**3 - 12*r**2 + 4. Suppose 40*o = 24*o + 192. Give u(o).
4
Let g(o) be the first derivative of -o**3/3 + 9*o**2/2 + 7*o - 1. Let t be (140/21)/(2*3/9). What is g(t)?
-3
Suppose 7*y + 9 + 26 = 0. Let x(n) be the second derivative of 1/3*n**3 + 3/2*n**2 - 6*n + 0. Give x(y).
-7
Let n = 26 - 22. Let k be -1 - ((-1 - n) + 4). Let o(l) = 26*l - 26*l - l**2 - 2. Give o(k).
-2
Let v = 58 - 57. Let a(z) = 5*z**2 + 2*z - 1. What is a(v)?
6
Let q(p) = 6*p + 2. Suppose -d - t + 11 = 17, 4*d = 3*t - 10. Determine q(d).
-22
Let p(l) be the third derivative of l**5/60 - 3*l**4/8 - 3*l**3/2 - 19*l**2 - 2*l. Calculate p(7).
-23
Let p(t) = -3*t - 13. Let b be p(-10). Suppose 5 = 4*l + b. Let f(c) = c**3 - c**2 - 5*c - 3. What is f(l)?
-24
Let p(d) = 7*d**3 - 11*d**2 - 37*d + 13. Let v(r) = 11*r**3 - 16*r**2 - 57*r + 19. Let n(g) = 8*p(g) - 5*v(g). What is n(9)?
-9
Let h = 19 - 17. Let c be (-1)/(h/(-4)) - 0. Let g(r) = r**2 + 2. What is g(c)?
6
Let h(w) = -5*w**3 - w - 1. Let p be 3 - (-12)/(-4) - -2. Suppose 3*g + 6 = -p*d + 3*d, 3 = d. Let r be 2/(g - 1) - 0. Give h(r).
5
Let v(t) = -2*t + 5. Let y(g) = -7*g**2 + g**3 - 6 + 7*g + 11*g - 8*g. Let d be y(6). Suppose -3*x + 0*x = -d. Give v(x).
-7
Let y = 7 + -7. Let r(i) = 5 - 16 + i + 81*i**2 - 11 - 82*i**2. What is r(y)?
-22
Let q(h) be the second derivative of -h**3/3 - 7*h**2/2 - 90*h. Determine q(-5).
3
Let z(m) = -5 + 2 - 6 - 2*m - 12*m - 6. Determine z(-2).
13
Let y(z) = 4*z**2 - 3*z + 6. Let m(d) = 3*d**2 - 3*d + 5. Let t(s) = 3*m(s) - 2*y(s). Calculate t(4).
7
Let g(f) = 6*f**3 + f**2 - f - 1. Suppose -4*n - 20 = 4*b, 20*n + 19 = 21*n - 5*b. Determine g(n).
-5
Let o(h) = -h**3 + 1. Let s = 37 - 38. Determine o(s).
2
Let j = -139 + 141. Let y(k) = -k**2 - 2. Give y(j).
-6
Let g(r) = 286 + r**3 + 3*r**2 - 281 + 3*r**2 - 2*r**3. Give g(6).
5
Let x(t) = 2*t**3 + t**2. Let o(z) = -z**3 - z**2 - 1. Let k be o(-2). Suppose -7 = k*g - 3*w - w, -5 = -5*w. What is x(g)?
-1
Let p(q) = q**3 - 4*q**2 + 3*q - 4. Let n be (6/(-9))/((-4)/(-18)) + 3. Suppose n = -4*g - h + 14, -h - 3*h = -2*g + 16. What is p(g)?
8
Let l be (-2626)/442 - 2/34. Let t(k) = -k**3 - 6*k**2 - 2*k - 6. What is t(l)?
6
Let y(z) = -z - 15. Let m(c) = 4*c - 24. Let n be 3/(-12) - 125/(-20) - 0. Let h be m(n). What is y(h)?
-15
Let p = -566 - -560. Let t(a) = -a**3 - 4*a**2 + 12*a + 5. Give t(p).
5
Let z(o) = -o**2 - 3*o - 4. Let h(q) = 47*q - 6. Let b be h(-1). Let x = 50 + b. What is z(x)?
-4
Suppose -8*y - 117 = 5*y. Let d(p) = -p**3 - 10*p**2 - 10*p + 5. What is d(y)?
14
Let f(j) be the second derivative of -3/2*j**2 - 26*j + 0 + 1/2*j**3. Calculate f(-3).
-12
Let j(t) = t**2 - 10*t + 9. Suppose -4*h + 0*x - 24 = -4*x, -24 = 4*h - 2*x. Let k(r) = -r**2 + 11*r - 9. Let c(s) = h*j(s) - 5*k(s). What is c(6)?
-15
Let i = -70 + 136. Let l(z) = 3 - i*z**2 - 4 + 2*z + 11*z**3 + 64*z**2. Calculate l(1).
10
Let m(x) = -2*x**2 + x + 2. Let o be m(-2). Let k be 6/(-4) + (-4)/o. Let s(w) = 4*w**2 + 1 - 7*w**2 + 7*w**2 + w. Calculate s(k).
4
Let d(g) = 2*g**2 + 2*g**3 - 2 - 2*g + 3*g**3 - 4*g**3. Suppose -39*m - 35*m - 222 = 0. Determine d(m).
-5
Let g(q) = 5*q - 9. Let i = 1229 + -1227. Determine g(i).
1
Let j be -3 - 10*(-1)/2. Suppose 2*g - 23 = 5*a - 0*a, j*g + a - 5 = 0. Suppose g*h - 2*u - 1 = u, 2*u - 2 = 4*h. Let b(x) = x + 1. Give b(h).
-1
Let k(f) = f**3 - 5*f**2 + 3*f - 3. Let q = 190 - 185. What is k(q)?
12
Suppose 4*c - 1 = -73. Let v be 63/6*(-36)/21. Let p be 4/v + (-76)/c. Let m(g) = -g + 1. Calculate m(p).
-3
Let r(a) be the third derivative of -a**8/20160 - a**7/1680 - a**6/120 - 3*a**5/5 - 17*a**2. Let h(c) be the third derivative of r(c). Calculate h(-4).
-10
Suppose 2*l = -4*p - 14, -2*l - 3*l = p + 26. Let t be (15/6)/((-15)/(-36)). Let i(x) = 0 - t*x**2 - 7*x**2 + 1. Give i(p).
-12
Let w(g) = -2*g. Suppose -3*y + 280 = 5*y. Suppose 0*f + y = -7*f. Calculate w(f).
10
Let u(h) be the third derivative of -h**4/24 + 7*h**3/6 + 282*h**2. Determine u(-3).
10
Let g(m) = 27*m + 34. Let o(k) = -48*k - 66. Let d(w) = -9*g(w) - 5*o(w). Calculate d(15).
-21
Let a = 87 - 134. Let k = a - -45. Let g(c) = c**3 + 2*c + 1. Determine g(k).
-11
Let b(a) = -5*a - 6*a + 5*a - 6*a. Suppose 3*v = w + 13, -1 = -4*w - 5*v + 15. Determine b(w).
12
Suppose 2*q + 5 = -5, 2*v = 2*q + 14. Let t(c) = -17*c + c**v + 0 + 2 + 12*c. Let a be ((-3)/2)/(14/20 + -1). Determine t(a).
2
Let n(h) = 7*h + 6*h**2 + 1858 - 6*h + h**3 - 1861. Let a = -15 - -9. Give n(a).
-9
Let d(z) be the first derivative of 13*z**2/2 + 94*z - 554. Give d(-7).
3
Suppose 0 = -5*x - 1 + 11. Suppose -4 = -x*k - 7*h + 3*h, 0 = k + h + 2. Let r(p) = -12*p**2 + 26*p**2 - 8*p + 0*p**2 - 15*p**2 - 8. Give r(k).
4
Let f(h) = -h - 1 + 6 + 8 - 3. What is f(13)?
-3
Let t(k) be the third derivative of k**6/120 - k**5/30 + k**3/6 + 2*k**2. Let z = -60 + 67. Suppose -l - 2 = -7, 0 = 3*m - 2*l + z. Give t(m).
0
Let z(v) = 11*v**2 + 5*v - 3. Let m(x) = -2*x**2 - 2*x. Let f(b) = -5*m(b) - z(b). Calculate f(4).
7
Let b(d) be the first derivative of d**5/60 + 7*d**4/24 - 2*d**3/3 + 5*d**2 + 3. Let v(p) be the second derivative of b(p). Determine v(-6).
-10
Let g(i) = 8 + 6*i**2 + 85*i**3 + 2*i - 12 - 86*i**3. Let t = 0 - -3. Suppose -n + 16 = -0*n + 2*y, -t*n - 4*y + 38 = 0. Give g(n).
8
Let b(a) = 7*a**3 - 2*a**2 - a. Suppose 3*x + 1 = -2. Let j be (-2)/((x/2)/1). Suppose 5*n = -5*h + 15, 20 = n + j*n. Give b(h).
-8
Let s(f) = -f - 1. Let z be -1*0/((-6)/2). Suppose -b + 9 = 3. Let u be 2/(z - 2)*b. Calculate s(u).
5
Let b(y) be the third derivative of -y**5/30 + 5*y**4/24 - 4*y**3/3 + 8*y**2. Let j(m) = -m**2 + 2*m - 4. Let f(k) = -3*b(k) + 7*j(k). Give f(0).
-4
Let v(w) = -w**3 - 4*w**2 + 7*w + 4. Let t(q) = q**2 + 20*q - 194. Let z be t(-27). What is v(z)?
-6
Let x(b) = -b**3 - 8*b**2 - b - 2. Let j be (0 + 1)/(5*(-1)/(-5)). Let v be j*-2*(4 - (3 - 3)). Determine x(v).
6
Let f(d) = 2*d + 30. Let n be f(-13). Suppose 0*x = n*x - 20. Let p(t) = -t**3 + 6*t**2 - 5*t - 6. Calculate p(x).
-6
Let a(d) = 11*d - 4 + 3*d**3 + 2 - 3*d**3 - 8*d**2 + 20 - d**3. Determine a(-9).
0
Let 